are the prime factors of v?
3, 419
Let t be (1*-4)/(20/(-8) - -2). Let w = 3 + t. List the prime factors of w.
11
Let d = 160 + -158. What are the prime factors of d?
2
Suppose -188*y + 193*y = 240. What are the prime factors of y?
2, 3
What are the prime factors of (2 - 16/6)/((-97)/59655)?
2, 5, 41
Suppose 15 = -4*q + 63. Let r = -10 + q. Suppose r*t - 2*n - 65 = -3*t, -4*t + n = -49. What are the prime factors of t?
11
Suppose -3*x = -3*h - 8*x - 164, -2*h + x = 118. Let z = 291 + h. List the prime factors of z.
233
Suppose 0 = 23*k - 11*k - 5532. What are the prime factors of k?
461
Let b(f) = 4*f**2 - 17*f - 2 - 16*f + 32*f. Let d be 1 - 4/((-2)/1). What are the prime factors of b(d)?
31
List the prime factors of 1167 - 5 - (-35)/5.
7, 167
Suppose -2*a + 5*z = -0*a - 741, 0 = 2*a + 5*z - 691. Suppose -8*m + a = -226. What are the prime factors of m?
73
Suppose 61*f - 60*f - 1119 = 0. List the prime factors of f.
3, 373
Let t = -18 - -21. Suppose -3*k = t*k - 18. Suppose 0 = k*y - y - 14. What are the prime factors of y?
7
Suppose -4*j + 8 = 0, 3*w + j - 307 = 955. List the prime factors of w.
2, 3, 5, 7
Suppose 0 = -3*a + a. Suppose -4*u + 2 + 6 = a. Suppose 0*b + 24 = u*b. What are the prime factors of b?
2, 3
Let k = -4 + 9. Suppose 4*f = k*f. List the prime factors of 2 - f - (-2 + -9).
13
Suppose 156 = 5*n - 3*n. Let r = 2 + n. List the prime factors of r.
2, 5
Let z(o) = o + 70. Let a(y) = y**2 + 16*y + 10. Let d be a(-8). Let c be (-12)/d + 2/(-9). What are the prime factors of z(c)?
2, 5, 7
Suppose -o + 13*j - 11*j = -328, -2*o + 3*j + 651 = 0. Suppose -3*r + 240 = -0*g + 3*g, 4*g - o = -2*r. What are the prime factors of g?
79
Let p(o) = 4*o**2 + 22*o + 25. List the prime factors of p(-8).
3, 5, 7
Suppose -2*s - 5*r + 34 - 14 = 0, 0 = -4*r + 8. Suppose 733 + 192 = s*o. Suppose -o = 2*z - 7*z - 2*j, -3*j = -z + 37. What are the prime factors of z?
37
Let a = -14 - -58. What are the prime factors of (-2 + a/16)*28?
3, 7
Suppose 2216 = -a + 3191. What are the prime factors of a?
3, 5, 13
Let s(c) = -29*c**2 + 14*c + 4. Let q be s(3). List the prime factors of (q - -2)*30/(-45).
2, 71
Suppose -3*g + 4*t - 5992 = -7*g, 4*t + 1483 = g. List the prime factors of g.
5, 13, 23
Let g(s) = -5*s + 1. Let q(r) = -6*r - 1. Let i(f) = 7*g(f) - 6*q(f). What are the prime factors of i(-3)?
2, 5
Suppose -j = 3*i - 98, 5*j - 420 = 12*i - 13*i. List the prime factors of j.
83
Let v(c) = -c - 10. Let f be v(-13). Suppose 5*z - 4*r + 3*r = 197, 187 = 5*z + 4*r. Suppose p = -2*y, -2*p + 7*p = f*y + z. What are the prime factors of p?
2, 3
Let u(i) = i + 7. Let a be u(-5). Let l = 1 - -4. Suppose -18 = -a*v - l*n, 0*v - 4*n = -v + 9. List the prime factors of v.
3
Let t(g) = g + 17. Let s be t(-6). List the prime factors of (s - 1)/(-4 + (-45)/(-11)).
2, 5, 11
Suppose 3*g - 2*n = 400 - 154, 5*g - 391 = -3*n. Suppose -5*r + 255 = g. Suppose -5*a + r = -5. List the prime factors of a.
2
Let r(x) = x**3 + 4*x**2 - 2*x. Let g be r(-4). Suppose 4*w = g*w - 240. What are the prime factors of w?
2, 3, 5
Let w(p) = 3*p**2 - 26*p - 60. What are the prime factors of w(25)?
5, 233
Suppose -9*x + 3984 = -3*x. What are the prime factors of x?
2, 83
Let j = -95 + 100. Suppose 15 = -j*t, 0*n - t = -4*n + 395. What are the prime factors of n?
2, 7
List the prime factors of (-1 - -2)/((-17)/(-28441)).
7, 239
What are the prime factors of (56/21)/8 - 7539/(-9)?
2, 419
Let v(s) = 4*s - 1. Let i be v(1). Suppose x = -5*z + 27, i*x + x + 12 = 4*z. Suppose 4*d - z - 175 = 0. List the prime factors of d.
3, 5
What are the prime factors of (-3 + 6)/((48/(-116))/(-4))?
29
Suppose 4*t + 46 = 2*o, 3*o + 2*t - 84 = 5*t. Suppose o - 32 = -k. Let x = k - -21. List the prime factors of x.
2, 5
Let r(u) = u**2 - 9*u - 371. List the prime factors of r(54).
29, 71
Suppose -3 = q + 1. Let j = q - -1. What are the prime factors of (-885)/10*2/j?
59
Suppose 2*p - 3*p = -2*u - 6, -p + 3*u = -8. Let m be (11/p)/(2/(-12)). Let a = m - -66. What are the prime factors of a?
3, 11
Let v(x) = 0 - x + 2*x - 1. Let d be v(3). Suppose -d*k + 5*h = -19, 5 = 4*k - 9*k - 5*h. List the prime factors of k.
2
Let j be (-7 - -7)*2/(-2). Let k = -4 - j. List the prime factors of (-474)/(-15) - k/10.
2
Let c = -39 - -207. Suppose 2*v - 30 = c. What are the prime factors of v?
3, 11
Let t be 1 - (-60 - (-2)/(-1)). Let y = 49 - 69. Let g = y + t. List the prime factors of g.
43
Suppose u - 9 = -4*c - 0*c, 2*c - 12 = -2*u. Let d(l) = 6*l**2 - 2*l + 1. What are the prime factors of d(c)?
5
Let i be 0/1 + -2 + 2. Suppose -6*k + 610 = 502. Suppose -3*s + 0*s + k = i. What are the prime factors of s?
2, 3
Suppose -3*m - 5*l = -17998, -2*m + 7*l = 3*m - 30012. List the prime factors of m.
17, 353
Let m = -765 - -1142. Let o = 644 - m. What are the prime factors of o?
3, 89
Let t(x) = -2*x**2 - 12*x - 1. Let j be t(-8). Let p = j - -87. What are the prime factors of p?
2, 3
Let f(o) = 7*o**2 + o - 28. Let w(z) = -20*z**2 - 3*z + 83. Let c(v) = -11*f(v) - 4*w(v). List the prime factors of c(-6).
2, 3, 13
Suppose -m - 106 = 3*z, z + 30 = 2*m + 3*m. Let q = 74 + z. List the prime factors of q.
3, 13
Let r = 1857 + -1059. What are the prime factors of r?
2, 3, 7, 19
Suppose 0 = -0*d - 4*d. Suppose -4*u - 2*k + 4 = d, 0*u - 3*u - 6 = -3*k. Suppose 4*g - 8 = -u. List the prime factors of g.
2
Suppose 8004 = 4*z - 2*c, 8008 = 4*z - 7*c + 6*c. List the prime factors of z.
2003
Suppose -4*h - 4 = g - 5*g, -4 = 2*g - 4*h. List the prime factors of 1 + 48/g - 0.
13
Suppose 983 - 135 = 2*j. What are the prime factors of (4 - 7)*j/(-12)?
2, 53
Let b = -42 - -47. Suppose b*r - 5*a = 260, 4*r - 5*a - 45 = 167. What are the prime factors of r?
2, 3
Suppose 0 = 4*z + 20, -4*t + 119 = 5*z - 936. What are the prime factors of t?
2, 3, 5
Let q be (-2)/5 + (-16)/10. Let y(h) = h**2 + 18*h - 6. Let k be y(-8). What are the prime factors of k/(q - (-3 - -3))?
43
List the prime factors of 4/(-40) - (-38231)/10.
3823
Let v(k) = 13*k**2 + 28*k - 18. List the prime factors of v(10).
2, 11, 71
Let a be 48/28 - 4/(-14). Suppose -172 = -a*k - 2. What are the prime factors of k?
5, 17
Suppose -o + 4*t - 24 = -6*o, -5*o + 25 = 5*t. Suppose 5*n = -u + 180, o*u - 3*n = -2*n + 825. What are the prime factors of u?
5, 41
Suppose -17 - 4 = -2*u - 5*t, 0 = 4*u - 4*t. List the prime factors of 4*u/18*252.
2, 3, 7
Let v(u) = 3*u**2 - 10*u - 38. List the prime factors of v(-11).
3, 5, 29
Let b be (-3)/5 - (-156)/(-15). Let o(a) = 11*a - 3. Let z be o(3). Let s = z + b. What are the prime factors of s?
19
Let l(m) = -m**3 - 2 + 2*m**2 + 12*m**2 - 10*m**2. Suppose 5*h = -5*c, -3*c = 2*h - 5*h + 12. List the prime factors of l(h).
2, 3
Let s(r) = -4*r - 32. Let m be s(-9). Suppose 4*l = -l + v + 195, m*v = -2*l + 56. List the prime factors of l.
2, 19
Let o(z) = z + 7. Let y = -18 - -13. Let k be o(y). Suppose -t - 48 - k = -j, -93 = -2*j - 5*t. What are the prime factors of j?
7
Suppose 21*h - 18*h - 768 = 0. Suppose h = 7*i + i. What are the prime factors of i?
2
Suppose 2*z = -z. Suppose z*k - 10 = -5*k. Suppose 4*d = k*d + 4*p - 10, -d + 10 = p. List the prime factors of d.
5
Let m(b) = -4 - 4*b + 4 + 7 + 5. What are the prime factors of m(-4)?
2, 7
Let h = -197 + 299. Let c(j) = -j + 10. Let y be c(7). Suppose 2*u - h = -4*p, 0*p + 56 = u + y*p. What are the prime factors of u?
41
Suppose 0 = 3*d - 15, 2*d - 39 = 4*k - d. List the prime factors of 6*(-64)/36*k.
2
Suppose -3*j = -5*b - 6188, -4*b + 52 = 32. List the prime factors of j.
19, 109
Let u = -97 - -161. Let a = u - 38. Suppose -30 = -2*k + a. What are the prime factors of k?
2, 7
Suppose -1428 = -7*p + 4*p - 2*j, -476 = -p + 5*j. List the prime factors of p.
2, 7, 17
Let b(a) = a**3 + a**2 - a + 1. Let f be b(3). Let y = 928 - 908. Suppose 3*z + v - f = -0*v, 4*v + y = 0. What are the prime factors of z?
13
What are the prime factors of (364/(-35))/(-1 + 309/315)?
2, 3, 7, 13
Suppose -3*d - 4 = -4*d. Suppose -671 = -5*h - 2*y, 0 = -d*h - 3*y + 2*y + 535. List the prime factors of h.
7, 19
Let u(l) = l + 15. Let y be u(-3). What are the prime factors of (-18*(-3)/y)/(1/38)?
3, 19
Suppose -13*j = 923 - 156. Let g = j + 158. What are the prime factors of g?
3, 11
Let k = -24 + 42. Suppose -2 + 1